{"id":193,"date":"2024-08-29T07:10:46","date_gmt":"2024-08-29T07:10:46","guid":{"rendered":"https:\/\/kadrowezagadki.pl\/?post_type=product&#038;p=193"},"modified":"2024-09-11T09:56:54","modified_gmt":"2024-09-11T09:56:54","slug":"wypowiedzenie-umowy-o-prace","status":"publish","type":"product","link":"https:\/\/kadrowezagadki.pl\/index.php\/produkt\/wypowiedzenie-umowy-o-prace\/","title":{"rendered":"Wypowiedzenie umowy o prac\u0119"},"content":{"rendered":"<p>Przedsprzeda\u017c e-booka: \u201eWypowiedzenie umowy o prac\u0119 \u2013 Praktyczny przewodnik krok po kroku\u201d<\/p>\n<p>Jeste\u015b pracownikiem lub pracodawc\u0105 i zbli\u017ca si\u0119 moment, w kt\u00f3rym musisz zmierzy\u0107 si\u0119 z trudnym tematem wypowiedzenia umowy o prac\u0119?<\/p>\n<p>Z my\u015bl\u0105 o Tobie przygotowa\u0142am kompleksowy e-book, kt\u00f3ry pomo\u017ce Ci przej\u015b\u0107 przez ten proces bez zb\u0119dnych stres\u00f3w i w zgodzie z przepisami prawa.<\/p>\n<p>Co znajdziesz w e-booku?<\/p>\n<p>&#8211; Szczeg\u00f3\u0142owe om\u00f3wienie rodzaj\u00f3w wypowiedze\u0144 i sytuacji, w kt\u00f3rych mog\u0105 by\u0107 stosowane<\/p>\n<p>&#8211; Praktyczne wskaz\u00f3wki dotycz\u0105ce sporz\u0105dzania wypowiedzenia na co zwr\u00f3ci\u0107 uwag\u0119, aby unikn\u0105\u0107 b\u0142\u0119d\u00f3w<\/p>\n<p>&#8211; Obowi\u0105zki pracodawcy i pracownika w trakcie wypowiedzenia<\/p>\n<p>&#8211; Prawa pracownika w przypadku nieuzasadnionego lub niezgodnego z prawem wypowiedzenia<\/p>\n<p>I wiele wiele innych warto\u015bciowych tre\u015bci!<\/p>\n<p>Dlaczego warto?<\/p>\n<p>E-book \u201eWypowiedzenie umowy o prac\u0119 \u2013 Praktyczny przewodnik krok po kroku\u201d to nie tylko zbi\u00f3r informacji, ale przede wszystkim narz\u0119dzie, kt\u00f3re pomo\u017ce Ci pewnie porusza\u0107 si\u0119 po zawi\u0142o\u015bciach prawa pracy.<\/p>\n<p>Zam\u00f3w ju\u017c teraz i zyskaj dost\u0119p do cennych bonus\u00f3w<\/p>\n","protected":false},"excerpt":{"rendered":"<p>Przedsprzeda\u017c e-booka: \u201eWypowiedzenie umowy o prac\u0119 \u2013 Praktyczny przewodnik krok po kroku\u201d Jeste\u015b pracownikiem lub pracodawc\u0105 i zbli\u017ca si\u0119 moment, w kt\u00f3rym musisz zmierzy\u0107 si\u0119 z trudnym tematem wypowiedzenia umowy o prac\u0119? Z my\u015bl\u0105 o Tobie przygotowa\u0142am kompleksowy e-book, kt\u00f3ry pomo\u017ce Ci przej\u015b\u0107 przez ten proces bez zb\u0119dnych stres\u00f3w i w zgodzie z przepisami prawa. [&hellip;]<\/p>\n","protected":false},"featured_media":191,"comment_status":"open","ping_status":"closed","template":"","meta":[],"product_brand":[],"product_cat":[19],"product_tag":[],"mwb_booking_cost":[],"mwb_booking_service":[],"class_list":{"0":"post-193","1":"product","2":"type-product","3":"status-publish","4":"has-post-thumbnail","6":"product_cat-ebook","8":"first","9":"instock","10":"downloadable","11":"virtual","12":"taxable","13":"purchasable","14":"product-type-simple"},"_links":{"self":[{"href":"https:\/\/kadrowezagadki.pl\/index.php\/wp-json\/wp\/v2\/product\/193","targetHints":{"allow":["GET"]}}],"collection":[{"href":"https:\/\/kadrowezagadki.pl\/index.php\/wp-json\/wp\/v2\/product"}],"about":[{"href":"https:\/\/kadrowezagadki.pl\/index.php\/wp-json\/wp\/v2\/types\/product"}],"replies":[{"embeddable":true,"href":"https:\/\/kadrowezagadki.pl\/index.php\/wp-json\/wp\/v2\/comments?post=193"}],"wp:featuredmedia":[{"embeddable":true,"href":"https:\/\/kadrowezagadki.pl\/index.php\/wp-json\/wp\/v2\/media\/191"}],"wp:attachment":[{"href":"https:\/\/kadrowezagadki.pl\/index.php\/wp-json\/wp\/v2\/media?parent=193"}],"wp:term":[{"taxonomy":"product_brand","embeddable":true,"href":"https:\/\/kadrowezagadki.pl\/index.php\/wp-json\/wp\/v2\/product_brand?post=193"},{"taxonomy":"product_cat","embeddable":true,"href":"https:\/\/kadrowezagadki.pl\/index.php\/wp-json\/wp\/v2\/product_cat?post=193"},{"taxonomy":"product_tag","embeddable":true,"href":"https:\/\/kadrowezagadki.pl\/index.php\/wp-json\/wp\/v2\/product_tag?post=193"},{"taxonomy":"mwb_booking_cost","embeddable":true,"href":"https:\/\/kadrowezagadki.pl\/index.php\/wp-json\/wp\/v2\/mwb_booking_cost?post=193"},{"taxonomy":"mwb_booking_service","embeddable":true,"href":"https:\/\/kadrowezagadki.pl\/index.php\/wp-json\/wp\/v2\/mwb_booking_service?post=193"}],"curies":[{"name":"wp","href":"https:\/\/api.w.org\/{rel}","templated":true}]}}